[INFO] cloning repository https://github.com/MengLing-L/algebra
[INFO] running `Command { std: "git" "-c" "credential.helper=" "-c" "credential.helper=/workspace/cargo-home/bin/git-credential-null" "clone" "--bare" "https://github.com/MengLing-L/algebra" "/workspace/cache/git-repos/https%3A%2F%2Fgithub.com%2FMengLing-L%2Falgebra", kill_on_drop: false }`
[INFO] [stderr] Cloning into bare repository '/workspace/cache/git-repos/https%3A%2F%2Fgithub.com%2FMengLing-L%2Falgebra'...
[INFO] running `Command { std: "git" "rev-parse" "HEAD", kill_on_drop: false }`
[INFO] [stdout] 63b44fdf72a907233be74ae848d89e7e9f6502e9
[INFO] checking MengLing-L/algebra against master#e6e4f7ed1589e03bc2f6c5931c1a72e7947e8682 for beta-170-4
[INFO] running `Command { std: "git" "clone" "/workspace/cache/git-repos/https%3A%2F%2Fgithub.com%2FMengLing-L%2Falgebra" "/workspace/builds/worker-1-tc2/source", kill_on_drop: false }`
[INFO] [stderr] Cloning into '/workspace/builds/worker-1-tc2/source'...
[INFO] [stderr] done.
[INFO] validating manifest of git repo https://github.com/MengLing-L/algebra on toolchain e6e4f7ed1589e03bc2f6c5931c1a72e7947e8682
[INFO] running `Command { std: CARGO_HOME="/workspace/cargo-home" RUSTUP_HOME="/workspace/rustup-home" "/workspace/cargo-home/bin/cargo" "+e6e4f7ed1589e03bc2f6c5931c1a72e7947e8682" "metadata" "--manifest-path" "Cargo.toml" "--no-deps", kill_on_drop: false }`
[INFO] started tweaking git repo https://github.com/MengLing-L/algebra
[INFO] finished tweaking git repo https://github.com/MengLing-L/algebra
[INFO] tweaked toml for git repo https://github.com/MengLing-L/algebra written to /workspace/builds/worker-1-tc2/source/Cargo.toml
[INFO] crate git repo https://github.com/MengLing-L/algebra already has a lockfile, it will not be regenerated
[INFO] running `Command { std: CARGO_HOME="/workspace/cargo-home" RUSTUP_HOME="/workspace/rustup-home" "/workspace/cargo-home/bin/cargo" "+e6e4f7ed1589e03bc2f6c5931c1a72e7947e8682" "fetch" "--manifest-path" "Cargo.toml", kill_on_drop: false }`
[INFO] running `Command { std: "docker" "create" "-v" "/var/lib/crater-agent-workspace/builds/worker-1-tc2/target:/opt/rustwide/target:rw,Z" "-v" "/var/lib/crater-agent-workspace/builds/worker-1-tc2/source:/opt/rustwide/workdir:ro,Z" "-v" "/var/lib/crater-agent-workspace/cargo-home:/opt/rustwide/cargo-home:ro,Z" "-v" "/var/lib/crater-agent-workspace/rustup-home:/opt/rustwide/rustup-home:ro,Z" "-e" "SOURCE_DIR=/opt/rustwide/workdir" "-e" "CARGO_TARGET_DIR=/opt/rustwide/target" "-e" "CARGO_HOME=/opt/rustwide/cargo-home" "-e" "RUSTUP_HOME=/opt/rustwide/rustup-home" "-w" "/opt/rustwide/workdir" "-m" "1610612736" "--user" "0:0" "--network" "none" "ghcr.io/rust-lang/crates-build-env/linux@sha256:19e73879b68f455e41552ea35293514db52ea292d993f571636dbffedb77a1ee" "/opt/rustwide/cargo-home/bin/cargo" "+e6e4f7ed1589e03bc2f6c5931c1a72e7947e8682" "metadata" "--no-deps" "--format-version=1", kill_on_drop: false }`
[INFO] [stdout] d86432116a4db070ac20b45781ecd7633ef1ee5d906aa11a7553338770fc2c59
[INFO] running `Command { std: "docker" "start" "-a" "d86432116a4db070ac20b45781ecd7633ef1ee5d906aa11a7553338770fc2c59", kill_on_drop: false }`
[INFO] running `Command { std: "docker" "inspect" "d86432116a4db070ac20b45781ecd7633ef1ee5d906aa11a7553338770fc2c59", kill_on_drop: false }`
[INFO] running `Command { std: "docker" "rm" "-f" "d86432116a4db070ac20b45781ecd7633ef1ee5d906aa11a7553338770fc2c59", kill_on_drop: false }`
[INFO] [stdout] d86432116a4db070ac20b45781ecd7633ef1ee5d906aa11a7553338770fc2c59
[INFO] running `Command { std: "docker" "create" "-v" "/var/lib/crater-agent-workspace/builds/worker-1-tc2/target:/opt/rustwide/target:rw,Z" "-v" "/var/lib/crater-agent-workspace/builds/worker-1-tc2/source:/opt/rustwide/workdir:ro,Z" "-v" "/var/lib/crater-agent-workspace/cargo-home:/opt/rustwide/cargo-home:ro,Z" "-v" "/var/lib/crater-agent-workspace/rustup-home:/opt/rustwide/rustup-home:ro,Z" "-e" "SOURCE_DIR=/opt/rustwide/workdir" "-e" "CARGO_TARGET_DIR=/opt/rustwide/target" "-e" "CARGO_INCREMENTAL=0" "-e" "RUST_BACKTRACE=full" "-e" "RUSTFLAGS=--cap-lints=forbid" "-e" "RUSTDOCFLAGS=--cap-lints=forbid" "-e" "CARGO_HOME=/opt/rustwide/cargo-home" "-e" "RUSTUP_HOME=/opt/rustwide/rustup-home" "-w" "/opt/rustwide/workdir" "-m" "1610612736" "--user" "0:0" "--network" "none" "ghcr.io/rust-lang/crates-build-env/linux@sha256:19e73879b68f455e41552ea35293514db52ea292d993f571636dbffedb77a1ee" "/opt/rustwide/cargo-home/bin/cargo" "+e6e4f7ed1589e03bc2f6c5931c1a72e7947e8682" "check" "--frozen" "--all" "--all-targets" "--message-format=json", kill_on_drop: false }`
[INFO] [stdout] 47f55b5dd2a337f6beac1993367d83444fb5adabd3a4073eed96dff85b9ecfae
[INFO] running `Command { std: "docker" "start" "-a" "47f55b5dd2a337f6beac1993367d83444fb5adabd3a4073eed96dff85b9ecfae", kill_on_drop: false }`
[INFO] [stderr]    Compiling proc-macro2 v1.0.40
[INFO] [stderr]    Compiling quote v1.0.20
[INFO] [stderr]    Compiling syn v1.0.98
[INFO] [stderr]    Compiling unicode-ident v1.0.1
[INFO] [stderr]    Compiling libc v0.2.126
[INFO] [stderr]    Compiling typenum v1.15.0
[INFO] [stderr]    Compiling serde_derive v1.0.138
[INFO] [stderr]    Compiling serde v1.0.138
[INFO] [stderr]    Compiling generic-array v0.14.5
[INFO] [stderr]    Compiling num-traits v0.2.15
[INFO] [stderr]    Compiling procinfo v0.4.2
[INFO] [stderr]    Compiling heapless v0.5.6
[INFO] [stderr]    Compiling nix v0.15.0
[INFO] [stderr]    Compiling num-integer v0.1.45
[INFO] [stderr]    Compiling build_id v0.2.1
[INFO] [stderr]    Compiling num-bigint v0.4.3
[INFO] [stderr]     Checking once_cell v1.13.0
[INFO] [stderr]    Compiling rustversion v1.0.7
[INFO] [stderr]    Compiling ucd-trie v0.1.4
[INFO] [stderr]    Compiling relative v0.2.2
[INFO] [stderr]    Compiling pest v2.1.3
[INFO] [stderr]    Compiling erased-serde v0.3.21
[INFO] [stderr]    Compiling unicode-xid v0.2.3
[INFO] [stderr]    Compiling paste v1.0.7
[INFO] [stderr]     Checking generic-array v0.12.4
[INFO] [stderr]     Checking generic-array v0.13.3
[INFO] [stderr]    Compiling crossbeam-utils v0.8.10
[INFO] [stderr]    Compiling semver-parser v0.10.2
[INFO] [stderr]    Compiling serde_closure v0.3.2
[INFO] [stderr]     Checking stable_deref_trait v1.2.0
[INFO] [stderr]     Checking as-slice v0.1.5
[INFO] [stderr]     Checking digest v0.9.0
[INFO] [stderr]     Checking hash32 v0.1.1
[INFO] [stderr]     Checking nom v2.2.1
[INFO] [stderr]     Checking ppv-lite86 v0.2.16
[INFO] [stderr]     Checking rand_core v0.6.3
[INFO] [stderr]    Compiling semver v0.11.0
[INFO] [stderr]    Compiling rustc_version v0.3.3
[INFO] [stderr]     Checking rand_chacha v0.3.1
[INFO] [stderr]     Checking static_assertions v1.1.0
[INFO] [stderr]     Checking cfg-if v1.0.0
[INFO] [stderr]     Checking twox-hash v1.6.3
[INFO] [stderr]     Checking rand v0.8.5
[INFO] [stderr]    Compiling ark-ff v0.3.0 (/opt/rustwide/workdir/ff)
[INFO] [stderr]    Compiling crossbeam-epoch v0.9.9
[INFO] [stderr]    Compiling memchr v2.5.0
[INFO] [stderr]     Checking ark-std v0.3.0
[INFO] [stderr]    Compiling semver v1.0.12
[INFO] [stderr]     Checking metatype v0.2.1
[INFO] [stderr]    Compiling ahash v0.7.6
[INFO] [stderr]    Compiling rustc_version v0.4.0
[INFO] [stderr]    Compiling rayon-core v1.9.3
[INFO] [stderr]    Compiling serde_json v1.0.82
[INFO] [stderr]     Checking bitflags v1.3.2
[INFO] [stderr]     Checking byteorder v1.4.3
[INFO] [stderr]    Compiling cast v0.2.7
[INFO] [stderr]     Checking lazy_static v1.4.0
[INFO] [stderr]    Compiling rayon v1.5.3
[INFO] [stderr]     Checking void v1.0.2
[INFO] [stderr]     Checking cfg-if v0.1.10
[INFO] [stderr]    Compiling synstructure v0.12.6
[INFO] [stderr]     Checking getrandom v0.2.7
[INFO] [stderr]     Checking ryu v1.0.10
[INFO] [stderr]     Checking either v1.7.0
[INFO] [stderr]     Checking crossbeam-deque v0.8.1
[INFO] [stderr]     Checking crossbeam-channel v0.5.5
[INFO] [stderr]     Checking num_cpus v1.13.1
[INFO] [stderr]     Checking plotters-backend v0.3.3
[INFO] [stderr]     Checking itoa v1.0.2
[INFO] [stderr]     Checking regex-automata v0.1.10
[INFO] [stderr]     Checking palaver v0.2.8
[INFO] [stderr]     Checking plotters-svg v0.3.2
[INFO] [stderr]     Checking hashbrown v0.11.2
[INFO] [stderr]     Checking itertools v0.10.3
[INFO] [stderr]     Checking csv-core v0.1.10
[INFO] [stderr]     Checking itoa v0.4.8
[INFO] [stderr]     Checking half v1.8.2
[INFO] [stderr]     Checking regex-syntax v0.6.27
[INFO] [stderr]     Checking walkdir v2.3.2
[INFO] [stderr]     Checking plotters v0.3.2
[INFO] [stderr]     Checking atty v0.2.14
[INFO] [stderr]     Checking regex v1.6.0
[INFO] [stderr]     Checking oorandom v11.1.3
[INFO] [stderr]     Checking criterion-plot v0.4.4
[INFO] [stderr]     Checking memoffset v0.6.5
[INFO] [stderr]     Checking scopeguard v1.1.0
[INFO] [stderr]    Compiling ark-serialize-derive v0.3.0 (/opt/rustwide/workdir/serialize-derive)
[INFO] [stderr]    Compiling zeroize_derive v1.3.2
[INFO] [stderr]    Compiling serde_closure_derive v0.3.2
[INFO] [stderr]    Compiling ark-ff-macros v0.3.0 (/opt/rustwide/workdir/ff-macros)
[INFO] [stderr]    Compiling derivative v2.2.0
[INFO] [stderr]    Compiling ark-ff-asm v0.3.0 (/opt/rustwide/workdir/ff-asm)
[INFO] [stderr]     Checking ark-serialize v0.3.0 (/opt/rustwide/workdir/serialize)
[INFO] [stderr]     Checking zeroize v1.5.6
[INFO] [stderr]     Checking block-padding v0.2.1
[INFO] [stderr]     Checking opaque-debug v0.3.0
[INFO] [stderr]     Checking unicode-width v0.1.9
[INFO] [stderr]     Checking block-buffer v0.9.0
[INFO] [stderr]     Checking textwrap v0.11.0
[INFO] [stderr]     Checking subtle v2.4.1
[INFO] [stderr]     Checking same-file v1.0.6
[INFO] [stderr]     Checking crypto-mac v0.8.0
[INFO] [stderr]     Checking clap v2.34.0
[INFO] [stderr]     Checking cpufeatures v0.2.2
[INFO] [stderr]     Checking keccak v0.1.2
[INFO] [stderr]     Checking sha2 v0.9.9
[INFO] [stderr]     Checking sha3 v0.9.1
[INFO] [stderr]     Checking blake2 v0.9.2
[INFO] [stderr]     Checking uuid v0.8.2
[INFO] [stderr]     Checking bstr v0.2.17
[INFO] [stderr]     Checking serde_cbor v0.11.2
[INFO] [stdout] error[E0059]: type parameter to bare `std::ops::FnOnce` trait must be a tuple
[INFO] [stdout]    --> /opt/rustwide/cargo-home/registry/src/index.crates.io-6f17d22bba15001f/serde_closure-0.3.2/src/lib.rs:572:6
[INFO] [stdout]     |
[INFO] [stdout] 572 |         T: ops::FnOnce<Args>,
[INFO] [stdout]     |            ^^^^^^^^^^^^^^^^^ the trait `Tuple` is not implemented for `Args`
[INFO] [stdout]     |
[INFO] [stdout] note: required by a bound in `std::ops::FnOnce`
[INFO] [stdout]    --> /rustc/e6e4f7ed1589e03bc2f6c5931c1a72e7947e8682/library/core/src/ops/function.rs:242:1
[INFO] [stdout] help: consider further restricting type parameter `Args`
[INFO] [stdout]     |
[INFO] [stdout] 572 |         T: ops::FnOnce<Args>, Args: std::marker::Tuple
[INFO] [stdout]     |                             ~~~~~~~~~~~~~~~~~~~~~~~~~~
[INFO] [stdout] 
[INFO] [stdout] 
[INFO] [stdout] error[E0059]: type parameter to bare `std::ops::FnMut` trait must be a tuple
[INFO] [stdout]    --> /opt/rustwide/cargo-home/registry/src/index.crates.io-6f17d22bba15001f/serde_closure-0.3.2/src/lib.rs:606:6
[INFO] [stdout]     |
[INFO] [stdout] 606 |         T: ops::FnMut<Args>,
[INFO] [stdout]     |            ^^^^^^^^^^^^^^^^ the trait `Tuple` is not implemented for `Args`
[INFO] [stdout]     |
[INFO] [stdout] note: required by a bound in `std::ops::FnMut`
[INFO] [stdout]    --> /rustc/e6e4f7ed1589e03bc2f6c5931c1a72e7947e8682/library/core/src/ops/function.rs:163:1
[INFO] [stdout] help: consider further restricting type parameter `Args`
[INFO] [stdout]     |
[INFO] [stdout] 606 |         T: ops::FnMut<Args>, Args: std::marker::Tuple
[INFO] [stdout]     |                            ~~~~~~~~~~~~~~~~~~~~~~~~~~
[INFO] [stdout] 
[INFO] [stdout] 
[INFO] [stdout] error[E0059]: type parameter to bare `std::ops::Fn` trait must be a tuple
[INFO] [stdout]    --> /opt/rustwide/cargo-home/registry/src/index.crates.io-6f17d22bba15001f/serde_closure-0.3.2/src/lib.rs:638:6
[INFO] [stdout]     |
[INFO] [stdout] 638 |         T: ops::Fn<Args>,
[INFO] [stdout]     |            ^^^^^^^^^^^^^ the trait `Tuple` is not implemented for `Args`
[INFO] [stdout]     |
[INFO] [stdout] note: required by a bound in `std::ops::Fn`
[INFO] [stdout]    --> /rustc/e6e4f7ed1589e03bc2f6c5931c1a72e7947e8682/library/core/src/ops/function.rs:76:1
[INFO] [stdout] help: consider further restricting type parameter `Args`
[INFO] [stdout]     |
[INFO] [stdout] 638 |         T: ops::Fn<Args>, Args: std::marker::Tuple
[INFO] [stdout]     |                         ~~~~~~~~~~~~~~~~~~~~~~~~~~
[INFO] [stdout] 
[INFO] [stdout] 
[INFO] [stdout] error[E0059]: type parameter to bare `std::ops::FnOnce` trait must be a tuple
[INFO] [stdout]    --> /opt/rustwide/cargo-home/registry/src/index.crates.io-6f17d22bba15001f/serde_closure-0.3.2/src/lib.rs:574:17
[INFO] [stdout]     |
[INFO] [stdout] 574 |         type Output = T::Output;
[INFO] [stdout]     |                       ^^^^^^^^^ the trait `Tuple` is not implemented for `Args`
[INFO] [stdout]     |
[INFO] [stdout] note: required by a bound in `std::ops::FnOnce`
[INFO] [stdout]    --> /rustc/e6e4f7ed1589e03bc2f6c5931c1a72e7947e8682/library/core/src/ops/function.rs:242:1
[INFO] [stdout] help: consider further restricting type parameter `Args`
[INFO] [stdout]     |
[INFO] [stdout] 572 |         T: ops::FnOnce<Args>, Args: std::marker::Tuple
[INFO] [stdout]     |                             ~~~~~~~~~~~~~~~~~~~~~~~~~~
[INFO] [stdout] 
[INFO] [stdout] 
[INFO] [stdout] error[E0059]: type parameter to bare `std::ops::FnOnce` trait must be a tuple
[INFO] [stdout]    --> /opt/rustwide/cargo-home/registry/src/index.crates.io-6f17d22bba15001f/serde_closure-0.3.2/src/lib.rs:700:13
[INFO] [stdout]     |
[INFO] [stdout] 700 |     impl<F, I> std::ops::FnOnce<I> for FnOnce<F>
[INFO] [stdout]     |                ^^^^^^^^^^^^^^^^^^^ the trait `Tuple` is not implemented for `I`
[INFO] [stdout]     |
[INFO] [stdout] note: required by a bound in `std::ops::FnOnce`
[INFO] [stdout]    --> /rustc/e6e4f7ed1589e03bc2f6c5931c1a72e7947e8682/library/core/src/ops/function.rs:242:1
[INFO] [stdout] help: consider further restricting type parameter `I`
[INFO] [stdout]     |
[INFO] [stdout] 702 |         F: internal::FnOnce<I>, I: std::marker::Tuple
[INFO] [stdout]     |                               ~~~~~~~~~~~~~~~~~~~~~~~
[INFO] [stdout] 
[INFO] [stdout] 
[INFO] [stdout] error[E0059]: type parameter to bare `std::ops::FnOnce` trait must be a tuple
[INFO] [stdout]    --> /opt/rustwide/cargo-home/registry/src/index.crates.io-6f17d22bba15001f/serde_closure-0.3.2/src/lib.rs:758:13
[INFO] [stdout]     |
[INFO] [stdout] 758 |     impl<F, I> std::ops::FnOnce<I> for FnMut<F>
[INFO] [stdout]     |                ^^^^^^^^^^^^^^^^^^^ the trait `Tuple` is not implemented for `I`
[INFO] [stdout]     |
[INFO] [stdout] note: required by a bound in `std::ops::FnOnce`
[INFO] [stdout]    --> /rustc/e6e4f7ed1589e03bc2f6c5931c1a72e7947e8682/library/core/src/ops/function.rs:242:1
[INFO] [stdout] help: consider further restricting type parameter `I`
[INFO] [stdout]     |
[INFO] [stdout] 760 |         F: internal::FnOnce<I>, I: std::marker::Tuple
[INFO] [stdout]     |                               ~~~~~~~~~~~~~~~~~~~~~~~
[INFO] [stdout] 
[INFO] [stdout] 
[INFO] [stdout] error[E0059]: type parameter to bare `std::ops::FnMut` trait must be a tuple
[INFO] [stdout]    --> /opt/rustwide/cargo-home/registry/src/index.crates.io-6f17d22bba15001f/serde_closure-0.3.2/src/lib.rs:781:13
[INFO] [stdout]     |
[INFO] [stdout] 781 |     impl<F, I> std::ops::FnMut<I> for FnMut<F>
[INFO] [stdout]     |                ^^^^^^^^^^^^^^^^^^ the trait `Tuple` is not implemented for `I`
[INFO] [stdout]     |
[INFO] [stdout] note: required by a bound in `std::ops::FnMut`
[INFO] [stdout]    --> /rustc/e6e4f7ed1589e03bc2f6c5931c1a72e7947e8682/library/core/src/ops/function.rs:163:1
[INFO] [stdout] help: consider further restricting type parameter `I`
[INFO] [stdout]     |
[INFO] [stdout] 783 |         F: internal::FnMut<I>, I: std::marker::Tuple
[INFO] [stdout]     |                              ~~~~~~~~~~~~~~~~~~~~~~~
[INFO] [stdout] 
[INFO] [stdout] 
[INFO] [stdout] error[E0059]: type parameter to bare `std::ops::FnOnce` trait must be a tuple
[INFO] [stdout]    --> /opt/rustwide/cargo-home/registry/src/index.crates.io-6f17d22bba15001f/serde_closure-0.3.2/src/lib.rs:836:13
[INFO] [stdout]     |
[INFO] [stdout] 836 |     impl<F, I> std::ops::FnOnce<I> for Fn<F>
[INFO] [stdout]     |                ^^^^^^^^^^^^^^^^^^^ the trait `Tuple` is not implemented for `I`
[INFO] [stdout]     |
[INFO] [stdout] note: required by a bound in `std::ops::FnOnce`
[INFO] [stdout]    --> /rustc/e6e4f7ed1589e03bc2f6c5931c1a72e7947e8682/library/core/src/ops/function.rs:242:1
[INFO] [stdout] help: consider further restricting type parameter `I`
[INFO] [stdout]     |
[INFO] [stdout] 838 |         F: internal::FnOnce<I>, I: std::marker::Tuple
[INFO] [stdout]     |                               ~~~~~~~~~~~~~~~~~~~~~~~
[INFO] [stdout] 
[INFO] [stdout] 
[INFO] [stdout] error[E0059]: type parameter to bare `std::ops::FnMut` trait must be a tuple
[INFO] [stdout]    --> /opt/rustwide/cargo-home/registry/src/index.crates.io-6f17d22bba15001f/serde_closure-0.3.2/src/lib.rs:859:13
[INFO] [stdout]     |
[INFO] [stdout] 859 |     impl<F, I> std::ops::FnMut<I> for Fn<F>
[INFO] [stdout]     |                ^^^^^^^^^^^^^^^^^^ the trait `Tuple` is not implemented for `I`
[INFO] [stdout]     |
[INFO] [stdout] note: required by a bound in `std::ops::FnMut`
[INFO] [stdout]    --> /rustc/e6e4f7ed1589e03bc2f6c5931c1a72e7947e8682/library/core/src/ops/function.rs:163:1
[INFO] [stdout] help: consider further restricting type parameter `I`
[INFO] [stdout]     |
[INFO] [stdout] 861 |         F: internal::FnMut<I>, I: std::marker::Tuple
[INFO] [stdout]     |                              ~~~~~~~~~~~~~~~~~~~~~~~
[INFO] [stdout] 
[INFO] [stdout] 
[INFO] [stdout] error[E0059]: type parameter to bare `std::ops::Fn` trait must be a tuple
[INFO] [stdout]    --> /opt/rustwide/cargo-home/registry/src/index.crates.io-6f17d22bba15001f/serde_closure-0.3.2/src/lib.rs:880:13
[INFO] [stdout]     |
[INFO] [stdout] 880 |     impl<F, I> std::ops::Fn<I> for Fn<F>
[INFO] [stdout]     |                ^^^^^^^^^^^^^^^ the trait `Tuple` is not implemented for `I`
[INFO] [stdout]     |
[INFO] [stdout] note: required by a bound in `std::ops::Fn`
[INFO] [stdout]    --> /rustc/e6e4f7ed1589e03bc2f6c5931c1a72e7947e8682/library/core/src/ops/function.rs:76:1
[INFO] [stdout] help: consider further restricting type parameter `I`
[INFO] [stdout]     |
[INFO] [stdout] 882 |         F: internal::Fn<I>, I: std::marker::Tuple
[INFO] [stdout]     |                           ~~~~~~~~~~~~~~~~~~~~~~~
[INFO] [stdout] 
[INFO] [stdout] 
[INFO] [stdout] error[E0277]: functions with the "rust-call" ABI must take a single non-self tuple argument
[INFO] [stdout]    --> /opt/rustwide/cargo-home/registry/src/index.crates.io-6f17d22bba15001f/serde_closure-0.3.2/src/lib.rs:707:3
[INFO] [stdout]     |
[INFO] [stdout] 707 |         extern "rust-call" fn call_once(self, args: I) -> Self::Output {
[INFO] [stdout]     |         ^^^^^^^^^^^^^^^^^^^^^^^^^^^^^^^^^^^^^^^^^^^^^^^^^^^^^^^^^^^^^^ the trait `Tuple` is not implemented for `I`
[INFO] [stdout]     |
[INFO] [stdout] help: consider further restricting type parameter `I`
[INFO] [stdout]     |
[INFO] [stdout] 702 |         F: internal::FnOnce<I>, I: std::marker::Tuple
[INFO] [stdout]     |                               ~~~~~~~~~~~~~~~~~~~~~~~
[INFO] [stdout] 
[INFO] [stdout] 
[INFO] [stdout] error[E0277]: functions with the "rust-call" ABI must take a single non-self tuple argument
[INFO] [stdout]    --> /opt/rustwide/cargo-home/registry/src/index.crates.io-6f17d22bba15001f/serde_closure-0.3.2/src/lib.rs:765:3
[INFO] [stdout]     |
[INFO] [stdout] 765 |         extern "rust-call" fn call_once(self, args: I) -> Self::Output {
[INFO] [stdout]     |         ^^^^^^^^^^^^^^^^^^^^^^^^^^^^^^^^^^^^^^^^^^^^^^^^^^^^^^^^^^^^^^ the trait `Tuple` is not implemented for `I`
[INFO] [stdout]     |
[INFO] [stdout] help: consider further restricting type parameter `I`
[INFO] [stdout]     |
[INFO] [stdout] 760 |         F: internal::FnOnce<I>, I: std::marker::Tuple
[INFO] [stdout]     |                               ~~~~~~~~~~~~~~~~~~~~~~~
[INFO] [stdout] 
[INFO] [stdout] 
[INFO] [stdout] error[E0277]: functions with the "rust-call" ABI must take a single non-self tuple argument
[INFO] [stdout]    --> /opt/rustwide/cargo-home/registry/src/index.crates.io-6f17d22bba15001f/serde_closure-0.3.2/src/lib.rs:786:3
[INFO] [stdout]     |
[INFO] [stdout] 786 |         extern "rust-call" fn call_mut(&mut self, args: I) -> Self::Output {
[INFO] [stdout]     |         ^^^^^^^^^^^^^^^^^^^^^^^^^^^^^^^^^^^^^^^^^^^^^^^^^^^^^^^^^^^^^^^^^^ the trait `Tuple` is not implemented for `I`
[INFO] [stdout]     |
[INFO] [stdout] help: consider further restricting type parameter `I`
[INFO] [stdout]     |
[INFO] [stdout] 783 |         F: internal::FnMut<I>, I: std::marker::Tuple
[INFO] [stdout]     |                              ~~~~~~~~~~~~~~~~~~~~~~~
[INFO] [stdout] 
[INFO] [stdout] 
[INFO] [stdout] error[E0277]: functions with the "rust-call" ABI must take a single non-self tuple argument
[INFO] [stdout]    --> /opt/rustwide/cargo-home/registry/src/index.crates.io-6f17d22bba15001f/serde_closure-0.3.2/src/lib.rs:843:3
[INFO] [stdout]     |
[INFO] [stdout] 843 |         extern "rust-call" fn call_once(self, args: I) -> Self::Output {
[INFO] [stdout]     |         ^^^^^^^^^^^^^^^^^^^^^^^^^^^^^^^^^^^^^^^^^^^^^^^^^^^^^^^^^^^^^^ the trait `Tuple` is not implemented for `I`
[INFO] [stdout]     |
[INFO] [stdout] help: consider further restricting type parameter `I`
[INFO] [stdout]     |
[INFO] [stdout] 838 |         F: internal::FnOnce<I>, I: std::marker::Tuple
[INFO] [stdout]     |                               ~~~~~~~~~~~~~~~~~~~~~~~
[INFO] [stdout] 
[INFO] [stdout] 
[INFO] [stdout] error[E0277]: functions with the "rust-call" ABI must take a single non-self tuple argument
[INFO] [stdout]    --> /opt/rustwide/cargo-home/registry/src/index.crates.io-6f17d22bba15001f/serde_closure-0.3.2/src/lib.rs:864:3
[INFO] [stdout]     |
[INFO] [stdout] 864 |         extern "rust-call" fn call_mut(&mut self, args: I) -> Self::Output {
[INFO] [stdout]     |         ^^^^^^^^^^^^^^^^^^^^^^^^^^^^^^^^^^^^^^^^^^^^^^^^^^^^^^^^^^^^^^^^^^ the trait `Tuple` is not implemented for `I`
[INFO] [stdout]     |
[INFO] [stdout] help: consider further restricting type parameter `I`
[INFO] [stdout]     |
[INFO] [stdout] 861 |         F: internal::FnMut<I>, I: std::marker::Tuple
[INFO] [stdout]     |                              ~~~~~~~~~~~~~~~~~~~~~~~
[INFO] [stdout] 
[INFO] [stdout] 
[INFO] [stdout] error[E0277]: functions with the "rust-call" ABI must take a single non-self tuple argument
[INFO] [stdout]    --> /opt/rustwide/cargo-home/registry/src/index.crates.io-6f17d22bba15001f/serde_closure-0.3.2/src/lib.rs:885:3
[INFO] [stdout]     |
[INFO] [stdout] 885 |         extern "rust-call" fn call(&self, args: I) -> Self::Output {
[INFO] [stdout]     |         ^^^^^^^^^^^^^^^^^^^^^^^^^^^^^^^^^^^^^^^^^^^^^^^^^^^^^^^^^^ the trait `Tuple` is not implemented for `I`
[INFO] [stdout]     |
[INFO] [stdout] help: consider further restricting type parameter `I`
[INFO] [stdout]     |
[INFO] [stdout] 882 |         F: internal::Fn<I>, I: std::marker::Tuple
[INFO] [stdout]     |                           ~~~~~~~~~~~~~~~~~~~~~~~
[INFO] [stdout] 
[INFO] [stdout] 
[INFO] [stdout] error: aborting due to 16 previous errors
[INFO] [stdout] 
[INFO] [stdout] 
[INFO] [stdout] Some errors have detailed explanations: E0059, E0277.
[INFO] [stdout] 
[INFO] [stdout] For more information about an error, try `rustc --explain E0059`.
[INFO] [stdout] 
[INFO] [stderr] error: could not compile `serde_closure` (lib) due to 17 previous errors
[INFO] [stderr] warning: build failed, waiting for other jobs to finish...
[INFO] running `Command { std: "docker" "inspect" "47f55b5dd2a337f6beac1993367d83444fb5adabd3a4073eed96dff85b9ecfae", kill_on_drop: false }`
[INFO] running `Command { std: "docker" "rm" "-f" "47f55b5dd2a337f6beac1993367d83444fb5adabd3a4073eed96dff85b9ecfae", kill_on_drop: false }`
[INFO] [stdout] 47f55b5dd2a337f6beac1993367d83444fb5adabd3a4073eed96dff85b9ecfae
